{"id":94,"date":"2021-09-25T18:10:16","date_gmt":"2021-09-25T18:10:16","guid":{"rendered":"https:\/\/imx.acm.org\/2022\/?page_id=94"},"modified":"2023-05-31T08:14:21","modified_gmt":"2023-05-31T08:14:21","slug":"associate-chairs","status":"publish","type":"page","link":"https:\/\/imx.acm.org\/2023\/committees\/associate-chairs\/","title":{"rendered":"Associate Chairs"},"content":{"rendered":"\t\t<div data-elementor-type=\"wp-page\" data-elementor-id=\"94\" class=\"elementor elementor-94\">\n\t\t\t\t\t\t\t\t\t<section class=\"elementor-section elementor-top-section elementor-element elementor-element-3cf22952 elementor-section-boxed elementor-section-height-default elementor-section-height-default\" data-id=\"3cf22952\" data-element_type=\"section\">\n\t\t\t\t\t\t<div class=\"elementor-container elementor-column-gap-default\">\n\t\t\t\t\t<div class=\"elementor-column elementor-col-100 elementor-top-column elementor-element elementor-element-320eb7ad\" data-id=\"320eb7ad\" data-element_type=\"column\">\n\t\t\t<div class=\"elementor-widget-wrap elementor-element-populated\">\n\t\t\t\t\t\t\t\t<div class=\"elementor-element elementor-element-1dd4cef1 elementor-widget elementor-widget-text-editor\" data-id=\"1dd4cef1\" data-element_type=\"widget\" data-widget_type=\"text-editor.default\">\n\t\t\t\t<div class=\"elementor-widget-container\">\n\t\t\t<style>\/*! elementor - v3.12.1 - 02-04-2023 *\/\n.elementor-widget-text-editor.elementor-drop-cap-view-stacked .elementor-drop-cap{background-color:#69727d;color:#fff}.elementor-widget-text-editor.elementor-drop-cap-view-framed .elementor-drop-cap{color:#69727d;border:3px solid;background-color:transparent}.elementor-widget-text-editor:not(.elementor-drop-cap-view-default) .elementor-drop-cap{margin-top:8px}.elementor-widget-text-editor:not(.elementor-drop-cap-view-default) .elementor-drop-cap-letter{width:1em;height:1em}.elementor-widget-text-editor .elementor-drop-cap{float:left;text-align:center;line-height:1;font-size:50px}.elementor-widget-text-editor .elementor-drop-cap-letter{display:inline-block}<\/style>\t\t\t\t<p><!-- wp:group --><\/p>\n<div class=\"wp-block-group\"><strong style=\"font-family: 'Open Sans'; color: var( --e-global-color-text );\">CONFIRMED CHAIRS<\/strong><\/div>\n<div class=\"wp-block-group\">\n<p><!-- \/wp:paragraph --><\/p>\n<p><!-- wp:paragraph --><\/p>\n<p>The committee of IMX 2023 Associate Chairs (AC) is assembled through a balanced combination of direct invitations and open applications.<\/p>\n<p><!-- \/wp:paragraph --><\/p>\n<p><!-- wp:paragraph --><\/p>\n<p><b>Hadi Amirpour<\/b>, Klagenfurt University, Austria.<br \/><b>Nabajeet Barman<\/b>, Brightcove, UK.<br \/><b>Thibaud Biatek<\/b>, Nokia, France.<br \/><b>Mila Buji\u0107<\/b>, Tampere University, Finland.<br \/><b>Aladine Chetouani<\/b>, Universit\u00e9 d&#8217;Orl\u00e9ans, France.<br \/><b>C\u00e9line Jost<\/b>, Universit\u00e9 Paris 8, France.<br \/><b>Saeed Mahmoudpour<\/b>, Vrije Universiteit Brussel, Belgium.<br \/><b>Christos Mousas<\/b>, Purdue University, USA.<br \/><b>Ankit Patel<\/b>, University of Minho, Portugal.<br \/><b>Antonio Pinheiro<\/b>, Univerdad de Beira Interior, Portugal.<br \/><b>Emmanouil Potetsianakis<\/b>, Xiaomi, Netherlands.<br \/><b>Harpreet Sareen<\/b>, The New School in NYC, USA.<br \/><b>Eunice Sari<\/b>, UX Indonesia, Indonesia.<br \/><b>Katrin Scheibe<\/b>, HHU, Germany.<br \/><b>Wendy Van den Broeck<\/b>, Vrije Universiteit Brussel, Belgium.<br \/><b>Heike Winschiers<\/b>, NUST, Namibia.<br \/><b>Hui-Yin Wu<\/b>, INRIA, France.<br \/><strong>Wenge Xu<\/strong>, Birmingham City University, UK.<\/p>\n<p><!-- \/wp:paragraph --><\/p>\n<p><!-- wp:paragraph --><\/p>\n<p><!-- \/wp:paragraph --><\/p>\n<\/div>\n<p><!-- \/wp:group --><\/p>\n<p><!-- wp:group {\"align\":\"full\"} --><\/p>\n<div class=\"wp-block-group alignfull\">\n<p><!-- wp:group {\"align\":\"full\"} --><\/p>\n<div class=\"wp-block-group alignfull\">\n<p><!-- wp:group {\"align\":\"full\"} --><\/p>\n<div class=\"wp-block-group alignfull\">\n<p><!-- wp:group --><\/p>\n<div class=\"wp-block-group\">\u00a0<\/div>\n<p><!-- \/wp:group --><\/p>\n<\/div>\n<p><!-- \/wp:group --><\/p>\n<\/div>\n<p><!-- \/wp:group --><\/p>\n<\/div>\n<p><!-- \/wp:group --><\/p>\n<p><!-- wp:paragraph --><\/p>\n<p><!-- \/wp:paragraph --><\/p>\t\t\t\t\t\t<\/div>\n\t\t\t\t<\/div>\n\t\t\t\t\t<\/div>\n\t\t<\/div>\n\t\t\t\t\t\t\t<\/div>\n\t\t<\/section>\n\t\t\t\t\t\t\t<\/div>\n\t\t","protected":false},"excerpt":{"rendered":"<p>CONFIRMED CHAIRS The committee of IMX 2023 Associate Chairs (AC) is assembled through a balanced combination of direct invitations and open applications. Hadi Amirpour, Klagenfurt University, Austria.Nabajeet Barman, Brightcove, UK.Thibaud Biatek, Nokia, France.Mila Buji\u0107, Tampere University, Finland.Aladine Chetouani, Universit\u00e9 d&#8217;Orl\u00e9ans, France.C\u00e9line Jost, Universit\u00e9 Paris 8, France.Saeed Mahmoudpour, Vrije Universiteit Brussel, Belgium.Christos Mousas, Purdue University, USA.Ankit [&hellip;]<\/p>\n","protected":false},"author":1,"featured_media":0,"parent":45,"menu_order":0,"comment_status":"closed","ping_status":"closed","template":"","meta":{"footnotes":""},"class_list":["post-94","page","type-page","status-publish","hentry"],"_links":{"self":[{"href":"https:\/\/imx.acm.org\/2023\/wp-json\/wp\/v2\/pages\/94","targetHints":{"allow":["GET"]}}],"collection":[{"href":"https:\/\/imx.acm.org\/2023\/wp-json\/wp\/v2\/pages"}],"about":[{"href":"https:\/\/imx.acm.org\/2023\/wp-json\/wp\/v2\/types\/page"}],"author":[{"embeddable":true,"href":"https:\/\/imx.acm.org\/2023\/wp-json\/wp\/v2\/users\/1"}],"replies":[{"embeddable":true,"href":"https:\/\/imx.acm.org\/2023\/wp-json\/wp\/v2\/comments?post=94"}],"version-history":[{"count":82,"href":"https:\/\/imx.acm.org\/2023\/wp-json\/wp\/v2\/pages\/94\/revisions"}],"predecessor-version":[{"id":3333,"href":"https:\/\/imx.acm.org\/2023\/wp-json\/wp\/v2\/pages\/94\/revisions\/3333"}],"up":[{"embeddable":true,"href":"https:\/\/imx.acm.org\/2023\/wp-json\/wp\/v2\/pages\/45"}],"wp:attachment":[{"href":"https:\/\/imx.acm.org\/2023\/wp-json\/wp\/v2\/media?parent=94"}],"curies":[{"name":"wp","href":"https:\/\/api.w.org\/{rel}","templated":true}]}}